{"version":"1.0","provider_name":"Consolata Am\u00e9rica","provider_url":"https:\/\/www.consolataamerica.org\/es","author_name":"conteudo","author_url":"https:\/\/www.consolataamerica.org\/es\/author\/conteudo\/","title":"Buenaventura rinde homenaje al padre Leovilgildo Carlos Ussene - Consolata Am\u00e9rica","type":"rich","width":600,"height":338,"html":"<blockquote class=\"wp-embedded-content\" data-secret=\"bi27gcyAjh\"><a href=\"https:\/\/www.consolataamerica.org\/es\/buenaventura-rinde-homenaje-al-padre-leovilgildo-carlos-ussene\/\">Buenaventura rinde homenaje al padre Leovilgildo Carlos Ussene<\/a><\/blockquote><iframe sandbox=\"allow-scripts\" security=\"restricted\" src=\"https:\/\/www.consolataamerica.org\/es\/buenaventura-rinde-homenaje-al-padre-leovilgildo-carlos-ussene\/embed\/#?secret=bi27gcyAjh\" width=\"600\" height=\"338\" title=\"&#8220;Buenaventura rinde homenaje al padre Leovilgildo Carlos Ussene&#8221; &#8212; Consolata Am\u00e9rica\" data-secret=\"bi27gcyAjh\" frameborder=\"0\" marginwidth=\"0\" marginheight=\"0\" scrolling=\"no\" class=\"wp-embedded-content\"><\/iframe><script type=\"text\/javascript\">\n\/* <![CDATA[ *\/\n\/*! This file is auto-generated *\/\n!function(d,l){\"use strict\";l.querySelector&&d.addEventListener&&\"undefined\"!=typeof URL&&(d.wp=d.wp||{},d.wp.receiveEmbedMessage||(d.wp.receiveEmbedMessage=function(e){var t=e.data;if((t||t.secret||t.message||t.value)&&!\/[^a-zA-Z0-9]\/.test(t.secret)){for(var s,r,n,a=l.querySelectorAll('iframe[data-secret=\"'+t.secret+'\"]'),o=l.querySelectorAll('blockquote[data-secret=\"'+t.secret+'\"]'),c=new RegExp(\"^https?:$\",\"i\"),i=0;i<o.length;i++)o[i].style.display=\"none\";for(i=0;i<a.length;i++)s=a[i],e.source===s.contentWindow&&(s.removeAttribute(\"style\"),\"height\"===t.message?(1e3<(r=parseInt(t.value,10))?r=1e3:~~r<200&&(r=200),s.height=r):\"link\"===t.message&&(r=new URL(s.getAttribute(\"src\")),n=new URL(t.value),c.test(n.protocol))&&n.host===r.host&&l.activeElement===s&&(d.top.location.href=t.value))}},d.addEventListener(\"message\",d.wp.receiveEmbedMessage,!1),l.addEventListener(\"DOMContentLoaded\",function(){for(var e,t,s=l.querySelectorAll(\"iframe.wp-embedded-content\"),r=0;r<s.length;r++)(t=(e=s[r]).getAttribute(\"data-secret\"))||(t=Math.random().toString(36).substring(2,12),e.src+=\"#?secret=\"+t,e.setAttribute(\"data-secret\",t)),e.contentWindow.postMessage({message:\"ready\",secret:t},\"*\")},!1)))}(window,document);\n\/* ]]> *\/\n<\/script>\n","thumbnail_url":"https:\/\/www.consolataamerica.org\/es\/wp-content\/uploads\/2025\/06\/20250605Gildo1.jpg","thumbnail_width":1229,"thumbnail_height":633,"description":"El lunes 26 de mayo de 2025, muchos feligreses participaron en la eucarist\u00eda que presidi\u00f3 monse\u00f1or Ruben Dario Jaramillo Montoya en la parroquia san Martin de Porres por el eterno descanso del padre Gildo como era conocido por la gente."}

Consolata América

Buenaventura rinde homenaje al padre Leovilgildo Carlos Ussene - Consolata América

<blockquote class="wp-embedded-content" data-secret="bi27gcyAjh"><a href="https://www.consolataamerica.org/es/buenaventura-rinde-homenaje-al-padre-leovilgildo-carlos-ussene/">Buenaventura rinde homenaje al padre Leovilgildo Carlos Ussene</a></blockquote><iframe sandbox="allow-scripts" security="restricted" src="https://www.consolataamerica.org/es/buenaventura-rinde-homenaje-al-padre-leovilgildo-carlos-ussene/embed/#?secret=bi27gcyAjh" width="600" height="338" title="&#8220;Buenaventura rinde homenaje al padre Leovilgildo Carlos Ussene&#8221; &#8212; Consolata América" data-secret="bi27gcyAjh" frameborder="0" marginwidth="0" marginheight="0" scrolling="no" class="wp-embedded-content"></iframe><script type="text/javascript">
/* <![CDATA[ */
/*! This file is auto-generated */
!function(d,l){"use strict";l.querySelector&&d.addEventListener&&"undefined"!=typeof URL&&(d.wp=d.wp||{},d.wp.receiveEmbedMessage||(d.wp.receiveEmbedMessage=function(e){var t=e.data;if((t||t.secret||t.message||t.value)&&!/[^a-zA-Z0-9]/.test(t.secret)){for(var s,r,n,a=l.querySelectorAll('iframe[data-secret="'+t.secret+'"]'),o=l.querySelectorAll('blockquote[data-secret="'+t.secret+'"]'),c=new RegExp("^https?:$","i"),i=0;i<o.length;i++)o[i].style.display="none";for(i=0;i<a.length;i++)s=a[i],e.source===s.contentWindow&&(s.removeAttribute("style"),"height"===t.message?(1e3<(r=parseInt(t.value,10))?r=1e3:~~r<200&&(r=200),s.height=r):"link"===t.message&&(r=new URL(s.getAttribute("src")),n=new URL(t.value),c.test(n.protocol))&&n.host===r.host&&l.activeElement===s&&(d.top.location.href=t.value))}},d.addEventListener("message",d.wp.receiveEmbedMessage,!1),l.addEventListener("DOMContentLoaded",function(){for(var e,t,s=l.querySelectorAll("iframe.wp-embedded-content"),r=0;r<s.length;r++)(t=(e=s[r]).getAttribute("data-secret"))||(t=Math.random().toString(36).substring(2,12),e.src+="#?secret="+t,e.setAttribute("data-secret",t)),e.contentWindow.postMessage({message:"ready",secret:t},"*")},!1)))}(window,document);
/* ]]> */
</script>

El lunes 26 de mayo de 2025, muchos feligreses participaron en la eucaristía que presidió monseñor Ruben Dario Jaramillo Montoya en la parroquia san Martin de Porres por el eterno descanso del padre Gildo como era conocido por la gente.
