{"version":"1.0","provider_name":"Consolata Am\u00e9rica","provider_url":"https:\/\/www.consolataamerica.org\/es","author_name":"conteudo","author_url":"https:\/\/www.consolataamerica.org\/es\/author\/conteudo\/","title":"Celebrando tres a\u00f1os de \"Querida Amazon\u00eda\" - Consolata Am\u00e9rica","type":"rich","width":600,"height":338,"html":"<blockquote class=\"wp-embedded-content\" data-secret=\"YMUEu5QzjM\"><a href=\"https:\/\/www.consolataamerica.org\/es\/celebrando-tres-anos-de-querida-amazonia\/\">Celebrando tres a\u00f1os de &#8220;Querida Amazon\u00eda&#8221;<\/a><\/blockquote><iframe sandbox=\"allow-scripts\" security=\"restricted\" src=\"https:\/\/www.consolataamerica.org\/es\/celebrando-tres-anos-de-querida-amazonia\/embed\/#?secret=YMUEu5QzjM\" width=\"600\" height=\"338\" title=\"&#8220;Celebrando tres a\u00f1os de &#8220;Querida Amazon\u00eda&#8221;&#8221; &#8212; Consolata Am\u00e9rica\" data-secret=\"YMUEu5QzjM\" frameborder=\"0\" marginwidth=\"0\" marginheight=\"0\" scrolling=\"no\" class=\"wp-embedded-content\"><\/iframe><script type=\"text\/javascript\">\n\/* <![CDATA[ *\/\n\/*! This file is auto-generated *\/\n!function(d,l){\"use strict\";l.querySelector&&d.addEventListener&&\"undefined\"!=typeof URL&&(d.wp=d.wp||{},d.wp.receiveEmbedMessage||(d.wp.receiveEmbedMessage=function(e){var t=e.data;if((t||t.secret||t.message||t.value)&&!\/[^a-zA-Z0-9]\/.test(t.secret)){for(var s,r,n,a=l.querySelectorAll('iframe[data-secret=\"'+t.secret+'\"]'),o=l.querySelectorAll('blockquote[data-secret=\"'+t.secret+'\"]'),c=new RegExp(\"^https?:$\",\"i\"),i=0;i<o.length;i++)o[i].style.display=\"none\";for(i=0;i<a.length;i++)s=a[i],e.source===s.contentWindow&&(s.removeAttribute(\"style\"),\"height\"===t.message?(1e3<(r=parseInt(t.value,10))?r=1e3:~~r<200&&(r=200),s.height=r):\"link\"===t.message&&(r=new URL(s.getAttribute(\"src\")),n=new URL(t.value),c.test(n.protocol))&&n.host===r.host&&l.activeElement===s&&(d.top.location.href=t.value))}},d.addEventListener(\"message\",d.wp.receiveEmbedMessage,!1),l.addEventListener(\"DOMContentLoaded\",function(){for(var e,t,s=l.querySelectorAll(\"iframe.wp-embedded-content\"),r=0;r<s.length;r++)(t=(e=s[r]).getAttribute(\"data-secret\"))||(t=Math.random().toString(36).substring(2,12),e.src+=\"#?secret=\"+t,e.setAttribute(\"data-secret\",t)),e.contentWindow.postMessage({message:\"ready\",secret:t},\"*\")},!1)))}(window,document);\n\/* ]]> *\/\n<\/script>\n","thumbnail_url":"https:\/\/www.consolataamerica.org\/es\/wp-content\/uploads\/2023\/02\/Querida-Amazon\u00eda-papa-francisco-you.jpg","thumbnail_width":1473,"thumbnail_height":828,"description":"La Exhortaci\u00f3n Apost\u00f3lica Postsinodal \u201cQuerida Amazonia\u201d, escrita por el Papa Francisco, fue publicada el 12 de febrero de 2020, presentando \u201ccuatro grandes sue\u00f1os que la Amazonia inspira\u201d en perspectiva social, ecol\u00f3gico, cultural y eclesial."}

Consolata América

Celebrando tres años de "Querida Amazonía" - Consolata América

<blockquote class="wp-embedded-content" data-secret="YMUEu5QzjM"><a href="https://www.consolataamerica.org/es/celebrando-tres-anos-de-querida-amazonia/">Celebrando tres años de &#8220;Querida Amazonía&#8221;</a></blockquote><iframe sandbox="allow-scripts" security="restricted" src="https://www.consolataamerica.org/es/celebrando-tres-anos-de-querida-amazonia/embed/#?secret=YMUEu5QzjM" width="600" height="338" title="&#8220;Celebrando tres años de &#8220;Querida Amazonía&#8221;&#8221; &#8212; Consolata América" data-secret="YMUEu5QzjM" frameborder="0" marginwidth="0" marginheight="0" scrolling="no" class="wp-embedded-content"></iframe><script type="text/javascript">
/* <![CDATA[ */
/*! This file is auto-generated */
!function(d,l){"use strict";l.querySelector&&d.addEventListener&&"undefined"!=typeof URL&&(d.wp=d.wp||{},d.wp.receiveEmbedMessage||(d.wp.receiveEmbedMessage=function(e){var t=e.data;if((t||t.secret||t.message||t.value)&&!/[^a-zA-Z0-9]/.test(t.secret)){for(var s,r,n,a=l.querySelectorAll('iframe[data-secret="'+t.secret+'"]'),o=l.querySelectorAll('blockquote[data-secret="'+t.secret+'"]'),c=new RegExp("^https?:$","i"),i=0;i<o.length;i++)o[i].style.display="none";for(i=0;i<a.length;i++)s=a[i],e.source===s.contentWindow&&(s.removeAttribute("style"),"height"===t.message?(1e3<(r=parseInt(t.value,10))?r=1e3:~~r<200&&(r=200),s.height=r):"link"===t.message&&(r=new URL(s.getAttribute("src")),n=new URL(t.value),c.test(n.protocol))&&n.host===r.host&&l.activeElement===s&&(d.top.location.href=t.value))}},d.addEventListener("message",d.wp.receiveEmbedMessage,!1),l.addEventListener("DOMContentLoaded",function(){for(var e,t,s=l.querySelectorAll("iframe.wp-embedded-content"),r=0;r<s.length;r++)(t=(e=s[r]).getAttribute("data-secret"))||(t=Math.random().toString(36).substring(2,12),e.src+="#?secret="+t,e.setAttribute("data-secret",t)),e.contentWindow.postMessage({message:"ready",secret:t},"*")},!1)))}(window,document);
/* ]]> */
</script>

https://www.consolataamerica.org/es/wp-content/uploads/2023/02/Querida-Amazonía-papa-francisco-you.jpg

La Exhortación Apostólica Postsinodal “Querida Amazonia”, escrita por el Papa Francisco, fue publicada el 12 de febrero de 2020, presentando “cuatro grandes sueños que la Amazonia inspira” en perspectiva social, ecológico, cultural y eclesial.
