{"version":"1.0","provider_name":"Consolata Am\u00e9rica","provider_url":"https:\/\/www.consolataamerica.org\/es","author_name":"conteudo","author_url":"https:\/\/www.consolataamerica.org\/es\/author\/conteudo\/","title":"Migraciones y Pueblos Ind\u00edgenas: desaf\u00edos y esperanzas - Consolata Am\u00e9rica","type":"rich","width":600,"height":338,"html":"<blockquote class=\"wp-embedded-content\" data-secret=\"5cc2pHUkXa\"><a href=\"https:\/\/www.consolataamerica.org\/es\/migraciones-y-pueblos-indigenas-desafios-y-esperanzas\/\">Migraciones y Pueblos Ind\u00edgenas: desaf\u00edos y esperanzas<\/a><\/blockquote><iframe sandbox=\"allow-scripts\" security=\"restricted\" src=\"https:\/\/www.consolataamerica.org\/es\/migraciones-y-pueblos-indigenas-desafios-y-esperanzas\/embed\/#?secret=5cc2pHUkXa\" width=\"600\" height=\"338\" title=\"&#8220;Migraciones y Pueblos Ind\u00edgenas: desaf\u00edos y esperanzas&#8221; &#8212; Consolata Am\u00e9rica\" data-secret=\"5cc2pHUkXa\" frameborder=\"0\" marginwidth=\"0\" marginheight=\"0\" scrolling=\"no\" class=\"wp-embedded-content\"><\/iframe><script type=\"text\/javascript\">\n\/* <![CDATA[ *\/\n\/*! This file is auto-generated *\/\n!function(d,l){\"use strict\";l.querySelector&&d.addEventListener&&\"undefined\"!=typeof URL&&(d.wp=d.wp||{},d.wp.receiveEmbedMessage||(d.wp.receiveEmbedMessage=function(e){var t=e.data;if((t||t.secret||t.message||t.value)&&!\/[^a-zA-Z0-9]\/.test(t.secret)){for(var s,r,n,a=l.querySelectorAll('iframe[data-secret=\"'+t.secret+'\"]'),o=l.querySelectorAll('blockquote[data-secret=\"'+t.secret+'\"]'),c=new RegExp(\"^https?:$\",\"i\"),i=0;i<o.length;i++)o[i].style.display=\"none\";for(i=0;i<a.length;i++)s=a[i],e.source===s.contentWindow&&(s.removeAttribute(\"style\"),\"height\"===t.message?(1e3<(r=parseInt(t.value,10))?r=1e3:~~r<200&&(r=200),s.height=r):\"link\"===t.message&&(r=new URL(s.getAttribute(\"src\")),n=new URL(t.value),c.test(n.protocol))&&n.host===r.host&&l.activeElement===s&&(d.top.location.href=t.value))}},d.addEventListener(\"message\",d.wp.receiveEmbedMessage,!1),l.addEventListener(\"DOMContentLoaded\",function(){for(var e,t,s=l.querySelectorAll(\"iframe.wp-embedded-content\"),r=0;r<s.length;r++)(t=(e=s[r]).getAttribute(\"data-secret\"))||(t=Math.random().toString(36).substring(2,12),e.src+=\"#?secret=\"+t,e.setAttribute(\"data-secret\",t)),e.contentWindow.postMessage({message:\"ready\",secret:t},\"*\")},!1)))}(window,document);\n\/* ]]> *\/\n<\/script>\n","thumbnail_url":"https:\/\/www.consolataamerica.org\/es\/wp-content\/uploads\/2021\/09\/Foto-768x414-1.png","thumbnail_width":768,"thumbnail_height":414,"description":"\"Migraciones y Pueblos Ind\u00edgenas\" fue el tema de un Webinar este s\u00e1bado, 25 de septiembre, dentro de la programaci\u00f3n de la Campa\u00f1a \"Yo no, Nosotros\" con motivo de la 107\u00aa Jornada Mundial del Migrante y Refugiado."}

Consolata América

Migraciones y Pueblos Indígenas: desafíos y esperanzas - Consolata América

<blockquote class="wp-embedded-content" data-secret="5cc2pHUkXa"><a href="https://www.consolataamerica.org/es/migraciones-y-pueblos-indigenas-desafios-y-esperanzas/">Migraciones y Pueblos Indígenas: desafíos y esperanzas</a></blockquote><iframe sandbox="allow-scripts" security="restricted" src="https://www.consolataamerica.org/es/migraciones-y-pueblos-indigenas-desafios-y-esperanzas/embed/#?secret=5cc2pHUkXa" width="600" height="338" title="&#8220;Migraciones y Pueblos Indígenas: desafíos y esperanzas&#8221; &#8212; Consolata América" data-secret="5cc2pHUkXa" frameborder="0" marginwidth="0" marginheight="0" scrolling="no" class="wp-embedded-content"></iframe><script type="text/javascript">
/* <![CDATA[ */
/*! This file is auto-generated */
!function(d,l){"use strict";l.querySelector&&d.addEventListener&&"undefined"!=typeof URL&&(d.wp=d.wp||{},d.wp.receiveEmbedMessage||(d.wp.receiveEmbedMessage=function(e){var t=e.data;if((t||t.secret||t.message||t.value)&&!/[^a-zA-Z0-9]/.test(t.secret)){for(var s,r,n,a=l.querySelectorAll('iframe[data-secret="'+t.secret+'"]'),o=l.querySelectorAll('blockquote[data-secret="'+t.secret+'"]'),c=new RegExp("^https?:$","i"),i=0;i<o.length;i++)o[i].style.display="none";for(i=0;i<a.length;i++)s=a[i],e.source===s.contentWindow&&(s.removeAttribute("style"),"height"===t.message?(1e3<(r=parseInt(t.value,10))?r=1e3:~~r<200&&(r=200),s.height=r):"link"===t.message&&(r=new URL(s.getAttribute("src")),n=new URL(t.value),c.test(n.protocol))&&n.host===r.host&&l.activeElement===s&&(d.top.location.href=t.value))}},d.addEventListener("message",d.wp.receiveEmbedMessage,!1),l.addEventListener("DOMContentLoaded",function(){for(var e,t,s=l.querySelectorAll("iframe.wp-embedded-content"),r=0;r<s.length;r++)(t=(e=s[r]).getAttribute("data-secret"))||(t=Math.random().toString(36).substring(2,12),e.src+="#?secret="+t,e.setAttribute("data-secret",t)),e.contentWindow.postMessage({message:"ready",secret:t},"*")},!1)))}(window,document);
/* ]]> */
</script>

"Migraciones y Pueblos Indígenas" fue el tema de un Webinar este sábado, 25 de septiembre, dentro de la programación de la Campaña "Yo no, Nosotros" con motivo de la 107ª Jornada Mundial del Migrante y Refugiado.
