{"version":"1.0","provider_name":"Consolata Am\u00e9rica","provider_url":"https:\/\/www.consolataamerica.org\/es","author_name":"adm@consam","author_url":"https:\/\/www.consolataamerica.org\/es\/author\/admconsam\/","title":"Rasgos de la persona humana \u00edntegra e integral - Consolata Am\u00e9rica","type":"rich","width":600,"height":338,"html":"<blockquote class=\"wp-embedded-content\" data-secret=\"sAzTltGVfE\"><a href=\"https:\/\/www.consolataamerica.org\/es\/rasgos-de-la-persona-humana-integra-e-integral\/\">Rasgos de la persona humana \u00edntegra e integral<\/a><\/blockquote><iframe sandbox=\"allow-scripts\" security=\"restricted\" src=\"https:\/\/www.consolataamerica.org\/es\/rasgos-de-la-persona-humana-integra-e-integral\/embed\/#?secret=sAzTltGVfE\" width=\"600\" height=\"338\" title=\"&#8220;Rasgos de la persona humana \u00edntegra e integral&#8221; &#8212; Consolata Am\u00e9rica\" data-secret=\"sAzTltGVfE\" frameborder=\"0\" marginwidth=\"0\" marginheight=\"0\" scrolling=\"no\" class=\"wp-embedded-content\"><\/iframe><script type=\"text\/javascript\">\n\/* <![CDATA[ *\/\n\/*! This file is auto-generated *\/\n!function(d,l){\"use strict\";l.querySelector&&d.addEventListener&&\"undefined\"!=typeof URL&&(d.wp=d.wp||{},d.wp.receiveEmbedMessage||(d.wp.receiveEmbedMessage=function(e){var t=e.data;if((t||t.secret||t.message||t.value)&&!\/[^a-zA-Z0-9]\/.test(t.secret)){for(var s,r,n,a=l.querySelectorAll('iframe[data-secret=\"'+t.secret+'\"]'),o=l.querySelectorAll('blockquote[data-secret=\"'+t.secret+'\"]'),c=new RegExp(\"^https?:$\",\"i\"),i=0;i<o.length;i++)o[i].style.display=\"none\";for(i=0;i<a.length;i++)s=a[i],e.source===s.contentWindow&&(s.removeAttribute(\"style\"),\"height\"===t.message?(1e3<(r=parseInt(t.value,10))?r=1e3:~~r<200&&(r=200),s.height=r):\"link\"===t.message&&(r=new URL(s.getAttribute(\"src\")),n=new URL(t.value),c.test(n.protocol))&&n.host===r.host&&l.activeElement===s&&(d.top.location.href=t.value))}},d.addEventListener(\"message\",d.wp.receiveEmbedMessage,!1),l.addEventListener(\"DOMContentLoaded\",function(){for(var e,t,s=l.querySelectorAll(\"iframe.wp-embedded-content\"),r=0;r<s.length;r++)(t=(e=s[r]).getAttribute(\"data-secret\"))||(t=Math.random().toString(36).substring(2,12),e.src+=\"#?secret=\"+t,e.setAttribute(\"data-secret\",t)),e.contentWindow.postMessage({message:\"ready\",secret:t},\"*\")},!1)))}(window,document);\n\/* ]]> *\/\n<\/script>\n","thumbnail_url":"https:\/\/www.consolataamerica.org\/es\/wp-content\/uploads\/2020\/08\/casalda.jpg","thumbnail_width":1920,"thumbnail_height":1080,"description":"Hay preguntas fundamentales a las que, todos y todas, debemos responder en alg\u00fan momento con honradez humana y cristiana: \u00bfqui\u00e9nes somos y para qu\u00e9 estamos aqu\u00ed? \u00bfc\u00f3mo y para qu\u00e9 nos vinculamos con las dem\u00e1s personas, la naturaleza y Dios? \u00bfc\u00f3mo y a qu\u00e9 dedicamos nuestra vida? \u00bfcu\u00e1les deben ser las caracter\u00edsticas de una persona que se inspire en el seguimiento a Jes\u00fas? Hacemos algunas consideraciones al respecto a partir de las intuiciones de tres \u201cfuentes de autoridad\u201d: Adolfo Nicol\u00e1s (superior General de los jesuitas entre 2008 y 2016); Pedro Casald\u00e1liga (obispo, profeta y poeta fallecido recientemente) y Leonardo Boff (te\u00f3logo de la liberaci\u00f3n). Algunos de sus aportes est\u00e1n presentes de forma impl\u00edcita o expl\u00edcita en el desarrollo del texto. Tambi\u00e9n tomamos como punto de referencia el estudio \u201cLiderazgo Ignaciano: nuestro modo de proceder\u201d, documento de la Asociaci\u00f3n de universidades confiadas a la Compa\u00f1\u00eda de Jes\u00fas en Am\u00e9rica Latina (AUSJAL, 2019)."}

Consolata América

Rasgos de la persona humana íntegra e integral - Consolata América

<blockquote class="wp-embedded-content" data-secret="sAzTltGVfE"><a href="https://www.consolataamerica.org/es/rasgos-de-la-persona-humana-integra-e-integral/">Rasgos de la persona humana íntegra e integral</a></blockquote><iframe sandbox="allow-scripts" security="restricted" src="https://www.consolataamerica.org/es/rasgos-de-la-persona-humana-integra-e-integral/embed/#?secret=sAzTltGVfE" width="600" height="338" title="&#8220;Rasgos de la persona humana íntegra e integral&#8221; &#8212; Consolata América" data-secret="sAzTltGVfE" frameborder="0" marginwidth="0" marginheight="0" scrolling="no" class="wp-embedded-content"></iframe><script type="text/javascript">
/* <![CDATA[ */
/*! This file is auto-generated */
!function(d,l){"use strict";l.querySelector&&d.addEventListener&&"undefined"!=typeof URL&&(d.wp=d.wp||{},d.wp.receiveEmbedMessage||(d.wp.receiveEmbedMessage=function(e){var t=e.data;if((t||t.secret||t.message||t.value)&&!/[^a-zA-Z0-9]/.test(t.secret)){for(var s,r,n,a=l.querySelectorAll('iframe[data-secret="'+t.secret+'"]'),o=l.querySelectorAll('blockquote[data-secret="'+t.secret+'"]'),c=new RegExp("^https?:$","i"),i=0;i<o.length;i++)o[i].style.display="none";for(i=0;i<a.length;i++)s=a[i],e.source===s.contentWindow&&(s.removeAttribute("style"),"height"===t.message?(1e3<(r=parseInt(t.value,10))?r=1e3:~~r<200&&(r=200),s.height=r):"link"===t.message&&(r=new URL(s.getAttribute("src")),n=new URL(t.value),c.test(n.protocol))&&n.host===r.host&&l.activeElement===s&&(d.top.location.href=t.value))}},d.addEventListener("message",d.wp.receiveEmbedMessage,!1),l.addEventListener("DOMContentLoaded",function(){for(var e,t,s=l.querySelectorAll("iframe.wp-embedded-content"),r=0;r<s.length;r++)(t=(e=s[r]).getAttribute("data-secret"))||(t=Math.random().toString(36).substring(2,12),e.src+="#?secret="+t,e.setAttribute("data-secret",t)),e.contentWindow.postMessage({message:"ready",secret:t},"*")},!1)))}(window,document);
/* ]]> */
</script>

Hay preguntas fundamentales a las que, todos y todas, debemos responder en algún momento con honradez humana y cristiana: ¿quiénes somos y para qué estamos aquí? ¿cómo y para qué nos vinculamos con las demás personas, la naturaleza y Dios? ¿cómo y a qué dedicamos nuestra vida? ¿cuáles deben ser las características de una persona que se inspire en el seguimiento a Jesús? Hacemos algunas consideraciones al respecto a partir de las intuiciones de tres “fuentes de autoridad”: Adolfo Nicolás (superior General de los jesuitas entre 2008 y 2016); Pedro Casaldáliga (obispo, profeta y poeta fallecido recientemente) y Leonardo Boff (teólogo de la liberación). Algunos de sus aportes están presentes de forma implícita o explícita en el desarrollo del texto. También tomamos como punto de referencia el estudio “Liderazgo Ignaciano: nuestro modo de proceder”, documento de la Asociación de universidades confiadas a la Compañía de Jesús en América Latina (AUSJAL, 2019).
