{"version":"1.0","provider_name":"Consolata Am\u00e9rica","provider_url":"https:\/\/www.consolataamerica.org\/es","author_name":"conteudo","author_url":"https:\/\/www.consolataamerica.org\/es\/author\/conteudo\/","title":"San Jos\u00e9 Allamano acerca del Tiempo de Adviento - Consolata Am\u00e9rica","type":"rich","width":600,"height":338,"html":"<blockquote class=\"wp-embedded-content\" data-secret=\"pUA7pyHPF5\"><a href=\"https:\/\/www.consolataamerica.org\/es\/san-jose-allamano-acerca-del-tiempo-de-adviento\/\">San Jos\u00e9 Allamano acerca del Tiempo de Adviento<\/a><\/blockquote><iframe sandbox=\"allow-scripts\" security=\"restricted\" src=\"https:\/\/www.consolataamerica.org\/es\/san-jose-allamano-acerca-del-tiempo-de-adviento\/embed\/#?secret=pUA7pyHPF5\" width=\"600\" height=\"338\" title=\"&#8220;San Jos\u00e9 Allamano acerca del Tiempo de Adviento&#8221; &#8212; Consolata Am\u00e9rica\" data-secret=\"pUA7pyHPF5\" frameborder=\"0\" marginwidth=\"0\" marginheight=\"0\" scrolling=\"no\" class=\"wp-embedded-content\"><\/iframe><script type=\"text\/javascript\">\n\/* <![CDATA[ *\/\n\/*! This file is auto-generated *\/\n!function(d,l){\"use strict\";l.querySelector&&d.addEventListener&&\"undefined\"!=typeof URL&&(d.wp=d.wp||{},d.wp.receiveEmbedMessage||(d.wp.receiveEmbedMessage=function(e){var t=e.data;if((t||t.secret||t.message||t.value)&&!\/[^a-zA-Z0-9]\/.test(t.secret)){for(var s,r,n,a=l.querySelectorAll('iframe[data-secret=\"'+t.secret+'\"]'),o=l.querySelectorAll('blockquote[data-secret=\"'+t.secret+'\"]'),c=new RegExp(\"^https?:$\",\"i\"),i=0;i<o.length;i++)o[i].style.display=\"none\";for(i=0;i<a.length;i++)s=a[i],e.source===s.contentWindow&&(s.removeAttribute(\"style\"),\"height\"===t.message?(1e3<(r=parseInt(t.value,10))?r=1e3:~~r<200&&(r=200),s.height=r):\"link\"===t.message&&(r=new URL(s.getAttribute(\"src\")),n=new URL(t.value),c.test(n.protocol))&&n.host===r.host&&l.activeElement===s&&(d.top.location.href=t.value))}},d.addEventListener(\"message\",d.wp.receiveEmbedMessage,!1),l.addEventListener(\"DOMContentLoaded\",function(){for(var e,t,s=l.querySelectorAll(\"iframe.wp-embedded-content\"),r=0;r<s.length;r++)(t=(e=s[r]).getAttribute(\"data-secret\"))||(t=Math.random().toString(36).substring(2,12),e.src+=\"#?secret=\"+t,e.setAttribute(\"data-secret\",t)),e.contentWindow.postMessage({message:\"ready\",secret:t},\"*\")},!1)))}(window,document);\n\/* ]]> *\/\n<\/script>\n","thumbnail_url":"https:\/\/www.consolataamerica.org\/es\/wp-content\/uploads\/2025\/11\/20251127Avvento.jpg","thumbnail_width":1230,"thumbnail_height":692,"description":"Desde el 30 de noviembre de 2025, la Iglesia inicia el ciclo lit\u00fargico de Adviento que se concluir\u00e1 el 24 de diciembre antes de las v\u00edsperas de la Navidad. El Adviento es un tiempo de espera, esperanza y preparaci\u00f3n para la llegada de Cristo: su nacimiento en Bel\u00e9n, su presencia cotidiana en nuestra vida y su retorno glorioso al final de los tiempos."}

Consolata América

San José Allamano acerca del Tiempo de Adviento - Consolata América

<blockquote class="wp-embedded-content" data-secret="pUA7pyHPF5"><a href="https://www.consolataamerica.org/es/san-jose-allamano-acerca-del-tiempo-de-adviento/">San José Allamano acerca del Tiempo de Adviento</a></blockquote><iframe sandbox="allow-scripts" security="restricted" src="https://www.consolataamerica.org/es/san-jose-allamano-acerca-del-tiempo-de-adviento/embed/#?secret=pUA7pyHPF5" width="600" height="338" title="&#8220;San José Allamano acerca del Tiempo de Adviento&#8221; &#8212; Consolata América" data-secret="pUA7pyHPF5" frameborder="0" marginwidth="0" marginheight="0" scrolling="no" class="wp-embedded-content"></iframe><script type="text/javascript">
/* <![CDATA[ */
/*! This file is auto-generated */
!function(d,l){"use strict";l.querySelector&&d.addEventListener&&"undefined"!=typeof URL&&(d.wp=d.wp||{},d.wp.receiveEmbedMessage||(d.wp.receiveEmbedMessage=function(e){var t=e.data;if((t||t.secret||t.message||t.value)&&!/[^a-zA-Z0-9]/.test(t.secret)){for(var s,r,n,a=l.querySelectorAll('iframe[data-secret="'+t.secret+'"]'),o=l.querySelectorAll('blockquote[data-secret="'+t.secret+'"]'),c=new RegExp("^https?:$","i"),i=0;i<o.length;i++)o[i].style.display="none";for(i=0;i<a.length;i++)s=a[i],e.source===s.contentWindow&&(s.removeAttribute("style"),"height"===t.message?(1e3<(r=parseInt(t.value,10))?r=1e3:~~r<200&&(r=200),s.height=r):"link"===t.message&&(r=new URL(s.getAttribute("src")),n=new URL(t.value),c.test(n.protocol))&&n.host===r.host&&l.activeElement===s&&(d.top.location.href=t.value))}},d.addEventListener("message",d.wp.receiveEmbedMessage,!1),l.addEventListener("DOMContentLoaded",function(){for(var e,t,s=l.querySelectorAll("iframe.wp-embedded-content"),r=0;r<s.length;r++)(t=(e=s[r]).getAttribute("data-secret"))||(t=Math.random().toString(36).substring(2,12),e.src+="#?secret="+t,e.setAttribute("data-secret",t)),e.contentWindow.postMessage({message:"ready",secret:t},"*")},!1)))}(window,document);
/* ]]> */
</script>

Desde el 30 de noviembre de 2025, la Iglesia inicia el ciclo litúrgico de Adviento que se concluirá el 24 de diciembre antes de las vísperas de la Navidad. El Adviento es un tiempo de espera, esperanza y preparación para la llegada de Cristo: su nacimiento en Belén, su presencia cotidiana en nuestra vida y su retorno glorioso al final de los tiempos.
